e 33118188?
True
Does 2246 divide 133711118?
True
Does 23 divide 2146731933?
True
Is 49 a factor of 807739863?
True
Is 124 a factor of 65536774?
False
Does 30 divide 228780?
True
Is 113811360 a multiple of 13?
True
Is 1340619994 a multiple of 178?
True
Is 5 a factor of 6591512?
False
Does 22 divide 68384140?
True
Is 1078815280 a multiple of 356?
True
Is 3343 a factor of 476240437?
True
Does 1316 divide 1858722348?
True
Is 215 a factor of 3676738?
False
Does 594 divide 1869773598?
True
Is 16 a factor of 359932642?
False
Does 10 divide 4661989771?
False
Does 9 divide 3983901?
False
Is 154754913 a multiple of 1707?
True
Is 882 a factor of 643416184?
False
Is 3456756 a multiple of 4?
True
Is 9255949 a multiple of 12?
False
Does 23 divide 2081876?
False
Is 1262830278 a multiple of 245?
False
Does 24 divide 100891969?
False
Does 1892 divide 22615979?
False
Is 4957633859 a multiple of 41?
True
Is 31650762 a multiple of 79?
False
Is 184 a factor of 21513832?
True
Does 290 divide 500158360?
True
Is 418 a factor of 571263462?
True
Is 571 a factor of 68719850?
True
Is 1488 a factor of 136086293?
False
Does 21 divide 4374919857?
True
Is 1002858883 a multiple of 4745?
False
Does 218 divide 3060664068?
False
Is 13 a factor of 246533085?
False
Does 23 divide 152126669?
True
Is 44 a factor of 448732355?
False
Does 144 divide 30317780?
False
Does 3396 divide 64799076?
True
Does 3559 divide 513681147?
True
Does 385 divide 681778405?
True
Is 77392283 a multiple of 1078?
False
Is 24219300 a multiple of 10?
True
Is 52 a factor of 15221720?
False
Does 222 divide 10253514?
True
Is 85 a factor of 1504027123?
False
Is 329467427 a multiple of 2506?
False
Is 1639823604 a multiple of 3604?
True
Does 25 divide 15853535?
False
Is 50812270 even?
True
Is 65 a factor of 2577435185?
True
Does 10 divide 158286028?
False
Does 95 divide 2044155188?
False
Is 16820207 a multiple of 537?
False
Is 3882 a factor of 3851242914?
True
Does 5 divide 436650926?
False
Is 2180 a factor of 38804000?
True
Is 190 a factor of 88234480?
True
Is 823 a factor of 249308098?
True
Is 384 a factor of 15131019?
False
Is 118797257 a multiple of 17?
False
Is 57128621 a multiple of 27?
False
Does 229 divide 429653552?
False
Does 13 divide 260066469?
True
Does 24 divide 7382060?
False
Is 225892361 a multiple of 2087?
False
Is 30647040 a multiple of 23?
True
Is 15295820 a multiple of 20?
True
Is 104 a factor of 32322056?
True
Is 1107322249 a multiple of 234?
False
Does 312 divide 117821995?
False
Is 136 a factor of 2423426?
False
Does 2233 divide 13080851?
False
Does 411 divide 415658685?
True
Does 6 divide 1332375341?
False
Is 91 a factor of 4462873?
False
Is 6 a factor of 44520723?
False
Does 79 divide 44432324?
False
Is 110 a factor of 33260040?
True
Does 1723 divide 580432179?
True
Does 170 divide 9947827?
False
Is 394865334 a multiple of 1653?
True
Is 3 a factor of 322100823?
True
Is 115 a factor of 2370510295?
True
Is 5919 a factor of 360461181?
True
Is 1948 a factor of 255319225?
False
Is 1085 a factor of 45293671?
False
Does 7 divide 125711075?
True
Is 32 a factor of 1120124928?
True
Does 489 divide 9608850?
True
Is 22790464 a multiple of 64?
True
Is 721 a factor of 154841960?
True
Is 376 a factor of 19499799?
False
Is 500299417 a multiple of 2893?
False
Does 1071 divide 3949230033?
True
Is 379800921 a multiple of 16?
False
Is 3276051 a multiple of 237?
True
Is 27382902 a multiple of 418?
False
Does 19 divide 323280659?
False
Is 1915800 a multiple of 124?
True
Does 763 divide 97142871?
True
Is 55 a factor of 148115233?
False
Is 32681194 a multiple of 1106?
True
Does 1750 divide 481996044?
False
Does 8 divide 1122120768?
True
Is 3703 a factor of 1725901646?
True
Is 83 a factor of 10366773?
False
Is 682417824 a multiple of 867?
False
Is 30586412 a multiple of 44?
False
Is 107 a factor of 432997435?
True
Does 977 divide 1486504523?
True
Is 54 a factor of 1246618080?
True
Is 11 a factor of 35684108?
False
Is 60 a factor of 613044559?
False
Is 211846380 a multiple of 430?
True
Does 13 divide 29553368?
True
Does 2930 divide 400293670?
True
Is 7142531 a multiple of 31?
False
Does 78 divide 5683002?
True
Is 5872258 a multiple of 139?
False
Does 15 divide 8903310?
True
Is 149288438 a multiple of 181?
True
Is 977739 a multiple of 7?
True
Is 16 a factor of 324192465?
False
Does 205 divide 3125955415?
True
Is 9355177 a multiple of 3011?
True
Does 38 divide 266804118?
True
Is 26510407 a multiple of 5?
False
Does 9 divide 507352095?
True
Is 169825409 a multiple of 53?
True
Is 28 a factor of 116396?
True
Is 14 a factor of 2484062443?
False
Is 18 a factor of 39572874?
True
Is 77 a factor of 3314826669?
True
Is 253 a factor of 33491011?
False
Does 13 divide 821941?
False
Is 2 a factor of 231053596?
True
Is 160485840 a multiple of 13752?
True
Is 17503524 a multiple of 45?
False
Is 1670605 a multiple of 73?
True
Is 48 a factor of 501843509?
False
Is 17 a factor of 75390410?
True
Is 560 a factor of 148765120?
True
Is 271 a factor of 151505743?
False
Is 2797 a factor of 148394835?
True
Does 9 divide 114017593?
False
Does 15 divide 470307240?
True
Is 55087397 a multiple of 789?
False
Is 3 a factor of 7637241?
True
Is 131637439 a multiple of 133?
False
Does 953 divide 23924202?
False
Does 19 divide 133978234?
True
Does 974 divide 3167781108?
True
Is 15249930 a multiple of 270?
False
Does 72 divide 283390056?
True
Does 7016 divide 34771296?
True
Is 22903273 a multiple of 9?
False
Is 870 a factor of 530530832?
False
Is 8075000 a multiple of 1900?
True
Is 10920235 a multiple of 3?
False
Does 277 divide 312876677?
False
Does 30 divide 3648240?
True
Is 139727562 a multiple of 13?
True
Does 257 divide 423864446?
True
Is 2731654 a multiple of 4?
False
Is 57955716 a multiple of 586?
False
Is 2950407 a multiple of 658?
False
Does 189 divide 127904805?
True
Is 10 a factor of 253833131?
False
Does 854 divide 79312688?
True
Does 50 divide 2055400?
True
Does 25 divide 121021225?
True
Is 2371 a factor of 1127057221?
True
Is 45034069 a multiple of 851?
True
Does 189 divide 2994637?
False
Does 999 divide 22679298?
True
Is 2900 a factor of 53400502?
False
Is 7 a factor of 2169407?
False
Is 28 a factor of 1572384688?
True
Is 30 a factor of 68180040?
True
Is 183 a factor of 8036284?
False
Is 71696166 a multiple of 24?
False
Is 77531475 a multiple of 219?
True
Is 213 a factor of 1916654301?
True
Does 4448 divide 603528638?
False
Is 52 a factor of 174203380?
True
Is 55 a factor of 7748936?
False
Is 800044948 a multiple of 54?
False
Does 6170 divide 2398871320?
True
Does 10 divide 3054964?
False
Is 8846698 a multiple of 38?
False
Does 6 divide 39271718?
False
Does 571 divide 116628151?
False
Is 3418723 a multiple of 7?
True
Is 6845820 a multiple of 30?
True
Is 24 a factor of 31400448?
True
Does 7 divide 75749296?
True
Is 436368580 a multiple of 20?
True
Does 413 divide 306395614?
True
Is 1146 a factor of 12889062?
True
Is 34 a factor of 764061872?
True
Is 241526038 a multiple of 6154?
True
Does 22 divide 3579720717?
False
Does 716 divide 4706842948?
True
Is 251969549 a multiple of 1280?
False
Does 7609 divide 422794085?
True
Is 49062598 a multiple of 19?
True
Is 17 a factor of 300276281?
False
Does 56 divide 372570072?
True
Is 1063 a factor of 440310956?
False
Does 4749 divide 453788373?
False
Does 59 divide 645709688?
True
Is 3386 a factor of 206356384?
True
Is 36 a factor of 245881548?
True
Does 86 divide 979398139?
False
Is 62348172 a multiple of 834?
True
Is 9560583 even?
False
Is 15521870 a multiple of 10?
True
Is 17898617 a multiple of 40?
False
Is 21 a factor of 152268333?
True
Is 92464734 a multiple of 17?
True
Is 839147023 a multiple of 642?
False
Is 36 a factor of 10241928?
True
Is 681017610 a multiple of 14?
True
Is 44849772 a multiple of 427?
False
Does 5507 divide 31446423?
False
Is 237 a factor of 1193778480?
True
Is 21 a factor of 25788898?
False
Does 470 divide 6131150?
True
Does 4764 divide 392501196?
True
Is 74 a factor of 59414304?
True
Is 485 a factor of 56330135?
False
Is 5873 a factor of 865327820?
True
Is 3382614 a multiple of 29?
False
Is 56 a factor of 469361047?
False
Is 1311265718 a multiple of 72?
False
Is 56747377 a multiple of 17?
True
Is 131747893 a multiple of 32?
False
Is 15 a factor of 465923490?
True
Is 4